at is 3 - -42010?
42013
In base 11, what is -6796531 - 5?
-6796536
In base 6, what is -244 - 2?
-250
In base 10, what is 2464 - 70?
2394
In base 10, what is 672 - -537?
1209
In base 7, what is -1544 - -111?
-1433
In base 11, what is -5 - -322193?
322189
In base 12, what is 58a6 - 1?
58a5
In base 13, what is -4 + -2bc85?
-2bc89
In base 14, what is 9d7 + -7c?
959
In base 16, what is -5 + -1a96?
-1a9b
In base 14, what is 1 + -2259b9?
-2259b8
In base 13, what is -4 - a630?
-a634
In base 3, what is 1202100001 - 111?
1202022120
In base 13, what is -71a0 + 4a?
-7153
In base 11, what is 17 + 11a88?
11aa4
In base 5, what is -1332313 + -3?
-1332321
In base 5, what is -1002 - 10002?
-11004
In base 7, what is 1345 + -56?
1256
In base 13, what is 0 + 35322?
35322
In base 4, what is -31220 - -20011?
-11203
In base 14, what is -345 - 51?
-396
In base 13, what is 6a720 + 2?
6a722
In base 9, what is 143 - 437?
-284
In base 16, what is 2 - -1168?
116a
In base 6, what is 13 + 33123?
33140
In base 16, what is 181 + 127?
2a8
In base 14, what is -10 + -276?
-286
In base 8, what is -4 - -5251?
5245
In base 12, what is -13 + 94a79?
94a66
In base 12, what is -61a + b?
-60b
In base 8, what is 174 - 407?
-213
In base 11, what is -149330 - 1?
-149331
In base 16, what is 7 + -13208?
-13201
In base 8, what is 66510 - 3?
66505
In base 10, what is -15 - -5841?
5826
In base 12, what is -8 - 4772?
-477a
In base 3, what is 1122120 + -2221?
1112122
In base 8, what is 15414760 - 2?
15414756
In base 13, what is -4 - 7287?
-728b
In base 16, what is -38be7 + 3?
-38be4
In base 8, what is 5151 - 352?
4577
In base 10, what is -85 - 9967?
-10052
In base 7, what is -165 + 25642?
25444
In base 15, what is -14e57 + -1?
-14e58
In base 11, what is -26 - 3649?
-3674
In base 4, what is 313110 + 0?
313110
In base 4, what is 2 - -3220131?
3220133
In base 15, what is -183a6d + 0?
-183a6d
In base 13, what is -1 + 394?
393
In base 9, what is -7431 + 37?
-7383
In base 2, what is 11100110101101 - -11110011?
11101010100000
In base 13, what is -9c2 + -c54?
-1946
In base 9, what is -10646 + -2?
-10648
In base 14, what is 4 - -2aac?
2ab2
In base 13, what is 14 - -87706?
8771a
In base 12, what is 10 - 117a7?
-11797
In base 9, what is 11 + 630?
641
In base 11, what is 20 + -22a7?
-2287
In base 16, what is -fa45 + 4?
-fa41
In base 5, what is 13 - 101323?
-101310
In base 4, what is 1212 - 3103?
-1231
In base 3, what is -10211022010000 - 0?
-10211022010000
In base 2, what is 11000 + 1010101?
1101101
In base 14, what is -15 - -cc?
b7
In base 11, what is 1070 - -15?
1085
In base 4, what is 0 - -2301121022?
2301121022
In base 12, what is -303 - -1347?
1044
In base 16, what is -5 + 47fb?
47f6
In base 10, what is -95 - 1938?
-2033
In base 10, what is 9 + -68?
-59
In base 13, what is 18502b - -2?
185030
In base 5, what is -21 + 14212?
14141
In base 13, what is -4100 - 4?
-4104
In base 13, what is c74 - 76b?
506
In base 5, what is 311103 + 1033?
312141
In base 16, what is 27 - -104b?
1072
In base 3, what is -12 + -1112102?
-1112121
In base 8, what is -26625 - 13?
-26640
In base 16, what is 0 + -26e9?
-26e9
In base 8, what is 31664 - 344?
31320
In base 2, what is 1010101011011011 - 0?
1010101011011011
In base 6, what is 405333 - 13?
405320
In base 16, what is de4 + 0?
de4
In base 6, what is 2 + -11350?
-11344
In base 14, what is -500 - 36?
-536
In base 3, what is 0 - 111020122?
-111020122
In base 10, what is 13 - 1035?
-1022
In base 2, what is -11100000110011100 + -10100?
-11100000110110000
In base 11, what is 213955 + 4?
213959
In base 15, what is -4 - -10bc?
10b8
In base 14, what is 15 + 102a?
1041
In base 14, what is b + 1b56?
1b63
In base 14, what is -bb9b + -1d?
-bbba
In base 5, what is 12412314 + -1?
12412313
In base 14, what is -2 + b1?
ad
In base 7, what is 153666 - -4?
154003
In base 16, what is 306 - 16?
2f0
In base 14, what is -532 + 4a?
-4c6
In base 3, what is -12 + -1102100202001?
-1102100202020
In base 5, what is -132 + 13434?
13302
In base 12, what is -142 + 9867?
9725
In base 2, what is 10001001110 + 1110101110?
11111111100
In base 15, what is -362c + 5?
-3627
In base 7, what is 10 - 40100?
-40060
In base 2, what is -10110010000101101 - -10?
-10110010000101011
In base 6, what is -5 + 1130450?
1130441
In base 16, what is 3 - -6140?
6143
In base 15, what is -5 - -9838?
9833
In base 16, what is -40 - -382?
342
In base 3, what is -12112202001120 - -10?
-12112202001110
In base 14, what is -20a9 + 1a?
-208d
In base 7, what is 112 + -22223?
-22111
In base 4, what is -12102123 + -1131?
-12103320
In base 16, what is -582 + -ba?
-63c
In base 11, what is -4 + -5705?
-5709
In base 3, what is -120 - 20012?
-20202
In base 3, what is -12022 - 220012?
-1002111
In base 13, what is 343 - -283?
5c6
In base 10, what is 687044 - 9?
687035
In base 2, what is 1011110001 - -10011?
1100000100
In base 8, what is -6311 - -26?
-6263
In base 13, what is 9256 + 9?
9262
In base 11, what is 20 - -327a?
329a
In base 13, what is -25388 + -5?
-25390
In base 4, what is 221 + 23312?
30133
In base 12, what is -11 + -23?
-34
In base 5, what is -2 + -11113403?
-11113410
In base 16, what is 27 - -835f?
8386
In base 16, what is -7 + d62?
d5b
In base 12, what is 3 + 121bb?
12202
In base 4, what is -103 - -30212323?
30212220
In base 5, what is 40 + 10441?
11031
In base 6, what is 140203021 - -3?
140203024
In base 11, what is 4 - -276259?
276262
In base 7, what is 24 - 152242?
-152215
In base 2, what is -101 + 10111000000010111110?
10111000000010111001
In base 15, what is 48 + -21706?
-216ad
In base 5, what is -14002 + -241?
-14243
In base 10, what is 11 - -3285?
3296
In base 14, what is 9 - 11b40?
-11b35
In base 3, what is -1000212022 + 122?
-1000211200
In base 16, what is 3 - -d?
10
In base 14, what is 2a3705 + 1?
2a3706
In base 13, what is -379 + 12c?
-24a
In base 9, what is 4 + 82273?
82277
In base 13, what is 503 - -14c?
652
In base 11, what is -3 + 63192?
6318a
In base 3, what is 100 - -1022110011?
1022110111
In base 9, what is 6110 - -2?
6112
In base 14, what is 5 + -21c6?
-21c1
In base 10, what is 1563676 + 5?
1563681
In base 11, what is -354 - -59?
-2a6
In base 14, what is 2 + -258c?
-258a
In base 8, what is 2056602 + -2?
2056600
In base 14, what is 94 - -10?
a4
In base 12, what is -ba7240 + 4?
-ba7238
In base 2, what is -101010111000011110 + 0?
-101010111000011110
In base 13, what is -41 + 125?
b4
In base 3, what is 11 + 1011122022?
1011122110
In base 2, what is -10101 - -10010001111?
10001111010
In base 5, what is -2443 - 14100?
-22043
In base 5, what is 11231 + -200?
11031
In base 16, what is e6 - 4fa?
-414
In base 6, what is 3 - -144002?
144005
In base 2, what is 1001100 - -100001010001?
100010011101
In base 7, what is -135654 - 23?
-136010
In base 3, what is -2 - -110211?
110202
In base 16, what is 3 - -4a57b?
4a57e
In base 4, what is -102 + 20331332?
20331230
In base 13, what is -41a9 + -2?
-41ab
In base 15, what is -995 + -86?
-a2b
In base 9, what is 2 - -487158?
487161
In base 16, what is -1 + 16cbe?
16cbd
In base 14, what is -138 - 934?
-a6c
In base 3, what is 212 - -102122?
110111
In base 4, what is 211223 + 102212?
320101
In base 14, what is -1d70 + -4?
-1d74
In base 4, what is -3 + -1211210?
-1211213
In base 8, what is -40 - -230?
170
In base 11, what is 955 - 17?
939
In base 7, what is 2 + 413602?
413604
In base 10, what is -169655 + 1?
-169654
In base 3, what is -10 - -1020201001?
1020200221
In base 4, what is 101 + -31012?
-30311
In base 6, what is -14 + -1233223?
-1233241
In base 2, what is 1 + 11110010001011111?
11110010001100000
In base 4, what is -10132030 - 131?
-10132221
In base 5, what is 121 + 3111?
3232
In base 5, what is -411421 + 1304?
-410112
In base 15, what is -521 - 1b?
-53c
In base 6, what is -2 - -523133?
523131
In base 5, what is 22 + 1114034?
1114111
In base 15, what is -3 + 1c2b?
1c28
In base 2, what is 100101111111 - -1010011011?
110000011010
In base 16, what is -ce55 - -5c?
-cdf9
In base 5, what is 3000401 + 3?
3000404
In base 2, what is 100 - 11001011010001000?
-11001011010000100
In base 8, what is -3775 + 221?
-3554
In base 8, what is 14 - 5624?
-5610
In base 16, what is 5f565 - 4?
5f561
In base 14, what is 2 - -1177?
1179
In base 9, what is 45110 + 50?
45160
In base 14, what is -2 - -9a74?
9a